et u(l) = 523*l**3 + 3*l - 2. Let o be u(1). Let p = o - 369. What is the remainder when p is divided by 39?
38
Let n be 72/(-33) + 2 - 2588/44. Let g = -53 - n. Suppose 4*z + 3*v - 52 = -0*z, 4*z = v + 36. What is the remainder when z is divided by g?
4
Let k = 3473 + -3009. Calculate the remainder when k is divided by 122.
98
Let s(b) = -b + 24. Let i be 2/(-12) - (201/(-18) - 2). Suppose i*d + 156 = 25*d. What is the remainder when 36 is divided by s(d)?
3
Suppose 0 = -s - 18 + 256. What is the remainder when s is divided by ((-48)/156)/(2/(-104))?
14
Suppose -5*h + 26 = 6. Let u(b) = 3*b**2 - 5*b + 3 - h - 3. What is the remainder when u(5) is divided by 16?
14
Suppose -j + 4*j = 258. What is the remainder when 256 is divided by j?
84
Let s = -1169 + 1183. What is the remainder when 413 is divided by s?
7
Let o(d) = 25*d + 100. Let j be o(-20). Let v = j + 589. What is the remainder when v is divided by 19?
18
Let g be (1 + 9)/(2 - 0). Suppose -6*z + 3*a = -z - 131, g*z - 137 = a. Calculate the remainder when z is divided by (-30)/(-8)*(-2 + 6).
13
Let f be 2*1/6 - (-520)/15. What is the remainder when 100 is divided by 22/(-77)*(-21)/6 + f?
28
Let l(b) = b**3 - 68*b**2 - 13*b + 1626. What is the remainder when l(68) is divided by 332?
78
Let j(p) = -9 + 2*p**2 - 3*p**2 - 1 - 19*p + 5. Calculate the remainder when j(-6) is divided by 33.
7
Suppose -8*f = -12*f - 5*t + 419, 5*f = 5*t + 490. Suppose 4*m - 231 = -3*p, 75 = 3*m + 5*p - f. Calculate the remainder when 341 is divided by m.
56
Suppose 54 + 31 = 5*j. Suppose 7*y = 8 + 13. Suppose x - y*x = -126. What is the remainder when x is divided by j?
12
Suppose 2*w = 311 + 69. What is the remainder when w is divided by 9?
1
Let d = -219 + -592. Let i = -540 - d. What is the remainder when i is divided by 34?
33
What is the remainder when ((-3749)/115)/((-1)/5) is divided by 32?
3
Suppose 4*y - 741*l = -744*l + 129, 15 = 5*l. Calculate the remainder when 3149 is divided by y.
29
Let n(h) = -h**3 - 5*h**2 - 4*h + 4. Let z be n(-6). Let y = -65 + z. What is the remainder when (7 - 1)/((-15)/(-6) + y) is divided by 3?
1
Let m = -1988 + 2397. What is the remainder when m is divided by 129?
22
Let h(w) = -w**2 - 10*w - 4. Suppose 83*n - 87*n - 20 = 0. What is the remainder when 33 is divided by h(n)?
12
Suppose 4*v = 8, -10*v = -5*j - 11*v - 1558. Let t = j + 337. What is the remainder when ((-97)/(-2))/(1/2) is divided by t?
22
Let l(w) = 836*w**3 - 5*w**2 - w. Let m be l(-1). Let y = 899 + m. What is the remainder when y is divided by 12?
11
Let h(x) be the first derivative of x**4/4 + x**3 - 6*x**2 - x + 98. Let o be ((-15)/12)/((-1)/(-4)). What is the remainder when h(o) is divided by 4?
1
Let x = 13870 - 8547. Calculate the remainder when x is divided by 213.
211
Let n be 3*-5*(-4)/12. Suppose 2*x + 12 = -a, -3*x + 12 = -x - n*a. Calculate the remainder when (-762)/x*(35/21 + -1) is divided by 13.
10
Suppose 18*f + 384 = 2544. Calculate the remainder when f - (-6 - (5 - 12)) is divided by 15.
14
Let z(n) = -3*n + 84. Let i(f) = f**2 - 7*f + 18. Let c be i(8). What is the remainder when 22 is divided by z(c)?
4
Let v(x) = 2*x + 51. Let t be (3/3 + 9)/((-6)/15). Let l be v(t). Suppose -2*z - 81 = -5*k, -l - 2 = -k - 4*z. Calculate the remainder when 104 is divided by k.
14
Calculate the remainder when 920 is divided by (32 - (-5110)/(-160)) + 4190/32.
3
Let y = 1017 + -720. What is the remainder when y is divided by 100?
97
Suppose 0*n = 12*n + 912. Let x = n - -74. What is the remainder when ((-3)/6)/(x/196) is divided by 18?
13
Suppose -9 + 36 = 9*r. Suppose -430 = r*i - 8*i. Let b = 117 - i. Calculate the remainder when 90 is divided by b.
28
Let y(g) be the third derivative of g**4 + 5*g**3/3 + 58*g**2. Calculate the remainder when y(2) is divided by 19.
1
Suppose 5*l - 5*w = 70, -5*l + w - 6*w + 30 = 0. Suppose 4 = 2*v + l. Let f(q) = 4*q**2 + 2*q + 4. What is the remainder when 67 is divided by f(v)?
33
Let x = 4852 - 4843. Suppose 4*t + 3*v = 119, -3*v + 5 = -2*v. Let c = t + -3. Calculate the remainder when c is divided by x.
5
Calculate the remainder when 2796/1165*1160/6 is divided by 24.
8
Suppose 2*n + 644 = 16*n. Let o(f) = -40*f - 5. What is the remainder when o(-7) is divided by n?
45
Suppose -4*n = -3*g + 26, -3*g = g + 4*n - 16. What is the remainder when 88 is divided by 9*g/24*8?
16
Suppose -25 = -l - 4*l, -5*u + 40 = 5*l. Let k be 0 + 15*((-8)/12)/1. Calculate the remainder when 0 + k/(-3) - (-6)/9 is divided by u.
1
What is the remainder when 7 + -4 + (-2 + (4 - 5))*-446 is divided by 168?
165
Suppose 0 = -o + 68 + 278. Suppose 4*h = -34 + o. What is the remainder when h is divided by 24?
6
Let y = -5315 - -5383. What is the remainder when 120 is divided by y?
52
Suppose 3*l - 8 = l - 5*k, 0 = 2*l + k - 8. What is the remainder when 12/(-18)*4*-33 + l is divided by 11/(-44) - 375/(-12)?
30
Let c = -15600 - -15772. What is the remainder when c is divided by 57?
1
Suppose -11*x + 13*x = -f + 37, -4*f + 4*x = -76. Calculate the remainder when 126/(2 + 0) + -1 is divided by f.
12
Suppose -15 = 3*p, 0 = -5*b + 44*p - 48*p + 1290. What is the remainder when 534 is divided by b?
10
Suppose j = 2*g - 0*g + 12, 0 = 5*j + 2*g - 60. Suppose 200 = -j*h + 572. Calculate the remainder when h is divided by 9.
4
Let d = -657 - -661. Suppose 5*w = -5*j + 165, -18 = 2*w + d*j - 84. What is the remainder when 195 is divided by w?
30
Let k be (26/(-3))/(12/(-162)). Suppose q + 3*p = k, -q + p + p + 102 = 0. Suppose 7*s - q = 158. Calculate the remainder when s is divided by 10.
8
Let o = 778 + -752. Suppose 3*a = -2*a + 315. Suppose 29*z = o*z + a. What is the remainder when z is divided by 9?
3
Suppose -n + 6*n + 35 = 0. Let g(z) be the first derivative of 2*z**3/3 - 5*z**2/2 - 12*z - 283. What is the remainder when g(n) is divided by 25?
21
Let g = -555 - -571. Suppose 32*p - 352 = g*p. Calculate the remainder when 47 is divided by p.
3
Let t(a) = 382*a + 1921. Calculate the remainder when 10020 is divided by t(-5).
10
Calculate the remainder when 516 is divided by (-476)/462 - 32/(-88) - (-184)/6.
6
Suppose 5 - 11 = -a. Let u(o) = -2 + 4*o**2 - 2*o - o**3 + 10*o**2 - a*o**2 - o**2. Calculate the remainder when u(6) is divided by 12.
10
Let l(b) = -13*b - 13. Let h be l(-4). Suppose d = 7*d + 108. Let g = h + d. Calculate the remainder when 40 is divided by g.
19
Let q(l) = -2*l**2 - 66*l + 213. Let d be q(-35). Let o be (46/8)/(5/20). Let m = o + d. What is the remainder when m is divided by 33?
30
Let w be (-9 - -10) + (-358)/(-2). Suppose 160 = 3*v + 4*o, 4*v - 3*o - w = -0*v. Calculate the remainder when 181 is divided by v.
37
Let g = -14925 - -14946. Suppose -4*t + 64 = 2*d, -3*d + 5*t - 34 = -174. Calculate the remainder when d is divided by g.
19
Suppose -140*k - 181*k - 2485 = -15967. Let w = 14 - -152. What is the remainder when w is divided by k?
40
Suppose 0 = -368*q + 300*q + 67116. What is the remainder when q is divided by 52?
51
Suppose -3*l + 36923 - 12943 = 2*a, -2*a = -5*l - 24028. Calculate the remainder when a is divided by 80.
79
Let z = 3539 - 3383. What is the remainder when 464 is divided by z?
152
What is the remainder when 226 is divided by ((-12)/(-28))/((-8)/(-1288))?
19
Let b be (2 + -6)*((-5)/(-2) + -3). Let d be -1 - -25 - (-4)/b*-1. Calculate the remainder when (-20)/(-11) + -2 + 2358/d is divided by 22.
19
Let s(k) = -6*k + 286. Let p be s(46). Suppose 2*q + 6 - 18 = -2*f, 2*q - 5*f + 23 = 0. What is the remainder when (-25)/125 - (-42)/p is divided by q?
0
What is the remainder when 1258 is divided by 2*(-16 - (-259)/14)?
3
Let d(u) = -3*u - 7. Suppose 128*h - 125*h - 33 = 0. Suppose h*a = a + 330. Calculate the remainder when a is divided by d(-4).
3
Let c be -4 - (-3 - -4)*1*134. Let t = 154 + c. What is the remainder when 95 is divided by t?
15
Let t(w) = -154*w**3 + 28*w**2 + 64*w + 3. What is the remainder when t(-2) is divided by 111?
109
Suppose 6*g - s - 268 = 5*g, -g + 5*s = -264. Let q = 111 - 77. What is the remainder when g is divided by q?
31
Let s = -19783 + 19800. What is the remainder when 854 is divided by s?
4
Let c = 15 + -3. Let r(l) = 20*l + 4. Let s(f) = 9*f + 3. Let o(t) = 6*r(t) - 13*s(t). What is the remainder when o(c) is div